{"id":662328,"date":"2023-04-09T23:04:00","date_gmt":"2023-04-09T20:04:00","guid":{"rendered":"https:\/\/hosfi.wpenginepowered.com\/wp-content\/uploads\/2022\/04\/paasiainen-ikoni-uspenskin-katedraalissa-2023-kuva-vlada-internet.jpg"},"modified":"2023-04-13T14:32:57","modified_gmt":"2023-04-13T11:32:57","slug":"paasiainen-ikoni-uspenskin-katedraalissa-2023-kuva-vlada-internet-2","status":"inherit","type":"attachment","link":"https:\/\/hos.fi\/ru\/%d0%bf%d0%b0%d1%81%d1%85%d0%b0-%d0%bf%d0%be-%d0%bd%d0%be%d0%b2%d0%be%d0%bc%d1%83-%d1%81%d1%82%d0%b8%d0%bb%d1%8e-9-%d0%b0%d0%bf%d1%80%d0%b5%d0%bb%d1%8f\/paasiainen-ikoni-uspenskin-katedraalissa-2023-kuva-vlada-internet-2\/","title":{"rendered":"p\u00e4\u00e4si\u00e4inen ikoni uspenskin katedraalissa 2023 kuva vlada internet"},"author":3,"featured_media":0,"comment_status":"closed","ping_status":"closed","template":"","meta":{"_acf_changed":false},"class_list":["post-662328","attachment","type-attachment","status-inherit","hentry"],"acf":[],"description":{"rendered":"<p class=\"attachment\"><a href='https:\/\/hos.fi\/wp-content\/uploads\/2022\/04\/paasiainen-ikoni-uspenskin-katedraalissa-2023-kuva-vlada-internet.jpg'><img loading=\"lazy\" decoding=\"async\" width=\"1020\" height=\"797\" src=\"https:\/\/hos.fi\/wp-content\/uploads\/2022\/04\/paasiainen-ikoni-uspenskin-katedraalissa-2023-kuva-vlada-internet-1020x797.jpg\" class=\"attachment-medium size-medium\" alt=\"\" srcset=\"https:\/\/hos.fi\/wp-content\/uploads\/2022\/04\/paasiainen-ikoni-uspenskin-katedraalissa-2023-kuva-vlada-internet-1020x797.jpg 1020w, https:\/\/hos.fi\/wp-content\/uploads\/2022\/04\/paasiainen-ikoni-uspenskin-katedraalissa-2023-kuva-vlada-internet-1400x1094.jpg 1400w, https:\/\/hos.fi\/wp-content\/uploads\/2022\/04\/paasiainen-ikoni-uspenskin-katedraalissa-2023-kuva-vlada-internet-768x600.jpg 768w, https:\/\/hos.fi\/wp-content\/uploads\/2022\/04\/paasiainen-ikoni-uspenskin-katedraalissa-2023-kuva-vlada-internet-100x78.jpg 100w, https:\/\/hos.fi\/wp-content\/uploads\/2022\/04\/paasiainen-ikoni-uspenskin-katedraalissa-2023-kuva-vlada-internet-420x328.jpg 420w, https:\/\/hos.fi\/wp-content\/uploads\/2022\/04\/paasiainen-ikoni-uspenskin-katedraalissa-2023-kuva-vlada-internet.jpg 1493w\" sizes=\"auto, (max-width: 1020px) 100vw, 1020px\" \/><\/a><\/p>\n"},"caption":{"rendered":""},"alt_text":"","media_type":"image","mime_type":"image\/jpeg","media_details":{"width":1493,"height":1167,"file":"2022\/04\/paasiainen-ikoni-uspenskin-katedraalissa-2023-kuva-vlada-internet.jpg","sizes":{"medium":{"file":"paasiainen-ikoni-uspenskin-katedraalissa-2023-kuva-vlada-internet-1020x797.jpg","width":1020,"height":797,"mime_type":"image\/jpeg","source_url":"https:\/\/hos.fi\/wp-content\/uploads\/2022\/04\/paasiainen-ikoni-uspenskin-katedraalissa-2023-kuva-vlada-internet-1020x797.jpg"},"large":{"file":"paasiainen-ikoni-uspenskin-katedraalissa-2023-kuva-vlada-internet-1400x1094.jpg","width":1400,"height":1094,"mime_type":"image\/jpeg","source_url":"https:\/\/hos.fi\/wp-content\/uploads\/2022\/04\/paasiainen-ikoni-uspenskin-katedraalissa-2023-kuva-vlada-internet-1400x1094.jpg"},"thumbnail":{"file":"paasiainen-ikoni-uspenskin-katedraalissa-2023-kuva-vlada-internet-480x480.jpg","width":480,"height":480,"mime_type":"image\/jpeg","source_url":"https:\/\/hos.fi\/wp-content\/uploads\/2022\/04\/paasiainen-ikoni-uspenskin-katedraalissa-2023-kuva-vlada-internet-480x480.jpg"},"medium_large":{"file":"paasiainen-ikoni-uspenskin-katedraalissa-2023-kuva-vlada-internet-768x600.jpg","width":768,"height":600,"mime_type":"image\/jpeg","source_url":"https:\/\/hos.fi\/wp-content\/uploads\/2022\/04\/paasiainen-ikoni-uspenskin-katedraalissa-2023-kuva-vlada-internet-768x600.jpg"},"small thumbnail (100 x 100)":{"file":"paasiainen-ikoni-uspenskin-katedraalissa-2023-kuva-vlada-internet-100x78.jpg","width":100,"height":78,"mime_type":"image\/jpeg","source_url":"https:\/\/hos.fi\/wp-content\/uploads\/2022\/04\/paasiainen-ikoni-uspenskin-katedraalissa-2023-kuva-vlada-internet-100x78.jpg"},"portrait":{"file":"paasiainen-ikoni-uspenskin-katedraalissa-2023-kuva-vlada-internet-420x328.jpg","width":420,"height":328,"mime_type":"image\/jpeg","source_url":"https:\/\/hos.fi\/wp-content\/uploads\/2022\/04\/paasiainen-ikoni-uspenskin-katedraalissa-2023-kuva-vlada-internet-420x328.jpg"},"full":{"file":"paasiainen-ikoni-uspenskin-katedraalissa-2023-kuva-vlada-internet.jpg","width":1493,"height":1167,"mime_type":"image\/jpeg","source_url":"https:\/\/hos.fi\/wp-content\/uploads\/2022\/04\/paasiainen-ikoni-uspenskin-katedraalissa-2023-kuva-vlada-internet.jpg"}},"image_meta":{"aperture":"2.8","credit":"ANUMILLERRt","camera":"NIKON D750","caption":"","created_timestamp":"1680995795","copyright":"","focal_length":"24","iso":"6400","shutter_speed":"0.02","title":"","orientation":"1","keywords":[]}},"post":662438,"source_url":"https:\/\/hos.fi\/wp-content\/uploads\/2022\/04\/paasiainen-ikoni-uspenskin-katedraalissa-2023-kuva-vlada-internet.jpg","_links":{"self":[{"href":"https:\/\/hos.fi\/ru\/wp-json\/wp\/v2\/media\/662328","targetHints":{"allow":["GET"]}}],"collection":[{"href":"https:\/\/hos.fi\/ru\/wp-json\/wp\/v2\/media"}],"about":[{"href":"https:\/\/hos.fi\/ru\/wp-json\/wp\/v2\/types\/attachment"}],"author":[{"embeddable":true,"href":"https:\/\/hos.fi\/ru\/wp-json\/wp\/v2\/users\/3"}],"replies":[{"embeddable":true,"href":"https:\/\/hos.fi\/ru\/wp-json\/wp\/v2\/comments?post=662328"}],"wp:attached-to":[{"embeddable":true,"post_type":"post","id":662438,"href":"https:\/\/hos.fi\/ru\/wp-json\/wp\/v2\/posts\/662438"}],"curies":[{"name":"wp","href":"https:\/\/api.w.org\/{rel}","templated":true}]}}

pääsiäinen ikoni uspenskin katedraalissa 2023 kuva vlada internet
